{"id":648,"date":"2016-06-25T18:48:28","date_gmt":"2016-06-25T15:48:28","guid":{"rendered":"https:\/\/www.appelma.com\/en\/?page_id=648"},"modified":"2016-06-25T18:48:42","modified_gmt":"2016-06-25T15:48:42","slug":"648-2","status":"publish","type":"page","link":"https:\/\/www.appelma.com\/en\/648-2\/","title":{"rendered":"Hafif\/Orta Y\u00fck (Minirack) Raf Sistemi"},"content":{"rendered":"<p>Hafif ve Orta Y\u00fck Raf Sistemleri, \u00f6zellikle farkl\u0131 ebatlardaki kolili ve kutulu \u00fcr\u00fcnlerin, y\u00fckleme ve bo\u015faltma i\u015flemlerinin elle yap\u0131ld\u0131\u011f\u0131 i\u015fletme ve depolarda kullan\u0131lan bir sistemdir.<\/p>\n<p>Sistem orta a\u011f\u0131rl\u0131ktaki hacimli ve farkl\u0131 ebatlardaki \u00fcr\u00fcnlerin stoklanmas\u0131 i\u00e7in idealdir.<\/p>\n<p>\u00dcr\u00fcnlere ula\u015f\u0131m direkt ve \u00e7abuk sa\u011flanmaktad\u0131r.<\/p>\n<p>Kat y\u00fczeyleri iste\u011fe ba\u011fl\u0131 olarak galvanizli\/boyal\u0131 sac panel, sunta veya MDF gibi \u00fcr\u00fcnler ile kaplanmaktad\u0131r.<\/p>\n<p>Hafif y\u00fck raf sisteminin elemanlar\u0131 kullan\u0131larak ayn\u0131 zamanda mezzanine (platformlu) raf sistemi de tasarlanmaktad\u0131r.<\/p>\n<p><strong>Faydalar\u0131<\/strong><\/p>\n<ul>\n<li>FIFO prensibi uygulamas\u0131, her \u00fcr\u00fcne direkt ve kolay ula\u015f\u0131m<\/li>\n<li>Kolili\/kolisiz \u00fcr\u00fcnlerin stoklanmas\u0131 i\u00e7in ideal<\/li>\n<li>Mod\u00fcler yap\u0131s\u0131 sayesinde istendi\u011finde kolay de\u011fi\u015fiklik olana\u011f\u0131<\/li>\n<\/ul>\n","protected":false},"excerpt":{"rendered":"<p>Hafif ve Orta Y\u00fck Raf Sistemleri, \u00f6zellikle farkl\u0131 ebatlardaki kolili ve kutulu \u00fcr\u00fcnlerin, y\u00fckleme ve bo\u015faltma i\u015flemlerinin elle yap\u0131ld\u0131\u011f\u0131 i\u015fletme ve depolarda kullan\u0131lan bir sistemdir. Sistem [&hellip;]<\/p>\n","protected":false},"author":3,"featured_media":0,"parent":0,"menu_order":0,"comment_status":"closed","ping_status":"closed","template":"","meta":{"footnotes":""},"class_list":["post-648","page","type-page","status-publish","hentry"],"_links":{"self":[{"href":"https:\/\/www.appelma.com\/en\/wp-json\/wp\/v2\/pages\/648"}],"collection":[{"href":"https:\/\/www.appelma.com\/en\/wp-json\/wp\/v2\/pages"}],"about":[{"href":"https:\/\/www.appelma.com\/en\/wp-json\/wp\/v2\/types\/page"}],"author":[{"embeddable":true,"href":"https:\/\/www.appelma.com\/en\/wp-json\/wp\/v2\/users\/3"}],"replies":[{"embeddable":true,"href":"https:\/\/www.appelma.com\/en\/wp-json\/wp\/v2\/comments?post=648"}],"version-history":[{"count":2,"href":"https:\/\/www.appelma.com\/en\/wp-json\/wp\/v2\/pages\/648\/revisions"}],"predecessor-version":[{"id":650,"href":"https:\/\/www.appelma.com\/en\/wp-json\/wp\/v2\/pages\/648\/revisions\/650"}],"wp:attachment":[{"href":"https:\/\/www.appelma.com\/en\/wp-json\/wp\/v2\/media?parent=648"}],"curies":[{"name":"wp","href":"https:\/\/api.w.org\/{rel}","templated":true}]}}

Hafif/Orta Yük (Minirack) Raf Sistemi

<p>Hafif ve Orta Yük Raf Sistemleri, özellikle farklı ebatlardaki kolili ve kutulu ürünlerin, yükleme ve boşaltma işlemlerinin elle yapıldığı işletme ve depolarda kullanılan bir sistemdir.</p>
<p>Sistem orta ağırlıktaki hacimli ve farklı ebatlardaki ürünlerin stoklanması için idealdir.</p>
<p>Ürünlere ulaşım direkt ve çabuk sağlanmaktadır.</p>
<p>Kat yüzeyleri isteğe bağlı olarak galvanizli/boyalı sac panel, sunta veya MDF gibi ürünler ile kaplanmaktadır.</p>
<p>Hafif yük raf sisteminin elemanları kullanılarak aynı zamanda mezzanine (platformlu) raf sistemi de tasarlanmaktadır.</p>
<p><strong>Faydaları</strong></p>
<ul>
<li>FIFO prensibi uygulaması, her ürüne direkt ve kolay ulaşım</li>
<li>Kolili/kolisiz ürünlerin stoklanması için ideal</li>
<li>Modüler yapısı sayesinde istendiğinde kolay değişiklik olanağı</li>
</ul>

<p>Hafif ve Orta Yük Raf Sistemleri, özellikle farklı ebatlardaki kolili ve kutulu ürünlerin, yükleme ve boşaltma işlemlerinin elle yapıldığı işletme ve depolarda kullanılan bir sistemdir. Sistem [&hellip;]</p>
